{"id":14,"date":"2023-12-13T20:50:33","date_gmt":"2023-12-13T19:50:33","guid":{"rendered":"http:\/\/tpame-europe.org\/?page_id=14"},"modified":"2023-12-15T16:42:42","modified_gmt":"2023-12-15T15:42:42","slug":"nos-objectifs","status":"publish","type":"page","link":"https:\/\/tpame-europe.org\/index.php\/nos-objectifs\/","title":{"rendered":"Nos objectifs"},"content":{"rendered":"\n<p class=\"has-black-color has-text-color has-link-color wp-elements-dc517da141d97a14a26faeb078f374b4\">L\u2019implication et la volont\u00e9 de <strong>Touche pas \u00e0 mon enfant &#8211; Europe<\/strong> a toujours \u00e9t\u00e9 de mettre en \u00e9vidence un ph\u00e9nom\u00e8ne en nette recrudescence en Europe et dont une grande majorit\u00e9 de la population semble ignorer l\u2019impact et les retomb\u00e9es sociaux. En effet, l\u2019\u00e9volution de la p\u00e9docriminalit\u00e9 ces derni\u00e8res ann\u00e9es est alarmante.<\/p>\n\n\n\n<p class=\"has-black-color has-text-color has-link-color wp-elements-7fb082a9181db8414724c402f0e34f88\">Malheureusement, nous avons trop souvent constat\u00e9 une absence de r\u00e9activit\u00e9 des pouvoirs publics \u00e0 l\u2019\u00e9gard de ces abus, justifi\u00e9e par l\u2019aspect culturel li\u00e9 aux affaires de violences sexuelles. La soci\u00e9t\u00e9 traite encore ces cas de violences sexuelles infantiles avec une certaine indiff\u00e9rence et d\u00e9sinvolture, malgr\u00e9 les graves r\u00e9percussions que cela peut avoir sur les victimes.<\/p>\n\n\n\n<div style=\"height:100px\" aria-hidden=\"true\" class=\"wp-block-spacer\"><\/div>\n\n\n<div class=\"wp-block-image\">\n<figure class=\"aligncenter size-full\"><img loading=\"lazy\" decoding=\"async\" width=\"150\" height=\"150\" src=\"https:\/\/tpame-europe.org\/wp-content\/uploads\/2023\/12\/cropped-TPAME-Europe.jpg\" alt=\"\" class=\"wp-image-12\" srcset=\"https:\/\/tpame-europe.org\/wp-content\/uploads\/2023\/12\/cropped-TPAME-Europe.jpg 150w, https:\/\/tpame-europe.org\/wp-content\/uploads\/2023\/12\/cropped-TPAME-Europe-60x60.jpg 60w\" sizes=\"auto, (max-width: 150px) 100vw, 150px\" \/><\/figure>\n<\/div>","protected":false},"excerpt":{"rendered":"<p>L\u2019implication et la volont\u00e9 de Touche pas \u00e0 mon enfant &#8211; Europe a toujours \u00e9t\u00e9 de mettre en \u00e9vidence un ph\u00e9nom\u00e8ne en nette recrudescence en Europe et dont une grande majorit\u00e9 de la population semble ignorer l\u2019impact et les retomb\u00e9es sociaux. En effet, l\u2019\u00e9volution de la p\u00e9docriminalit\u00e9 ces derni\u00e8res ann\u00e9es est alarmante. Malheureusement, nous avons&hellip;&nbsp;<\/p>\n","protected":false},"author":1,"featured_media":0,"parent":0,"menu_order":0,"comment_status":"closed","ping_status":"closed","template":"","meta":{"neve_meta_sidebar":"","neve_meta_container":"","neve_meta_enable_content_width":"","neve_meta_content_width":0,"neve_meta_title_alignment":"","neve_meta_author_avatar":"","neve_post_elements_order":"","neve_meta_disable_header":"","neve_meta_disable_footer":"","neve_meta_disable_title":"","footnotes":""},"class_list":["post-14","page","type-page","status-publish","hentry"],"_links":{"self":[{"href":"https:\/\/tpame-europe.org\/index.php\/wp-json\/wp\/v2\/pages\/14","targetHints":{"allow":["GET"]}}],"collection":[{"href":"https:\/\/tpame-europe.org\/index.php\/wp-json\/wp\/v2\/pages"}],"about":[{"href":"https:\/\/tpame-europe.org\/index.php\/wp-json\/wp\/v2\/types\/page"}],"author":[{"embeddable":true,"href":"https:\/\/tpame-europe.org\/index.php\/wp-json\/wp\/v2\/users\/1"}],"replies":[{"embeddable":true,"href":"https:\/\/tpame-europe.org\/index.php\/wp-json\/wp\/v2\/comments?post=14"}],"version-history":[{"count":2,"href":"https:\/\/tpame-europe.org\/index.php\/wp-json\/wp\/v2\/pages\/14\/revisions"}],"predecessor-version":[{"id":109,"href":"https:\/\/tpame-europe.org\/index.php\/wp-json\/wp\/v2\/pages\/14\/revisions\/109"}],"wp:attachment":[{"href":"https:\/\/tpame-europe.org\/index.php\/wp-json\/wp\/v2\/media?parent=14"}],"curies":[{"name":"wp","href":"https:\/\/api.w.org\/{rel}","templated":true}]}}