{"id":20,"date":"2023-12-13T20:50:33","date_gmt":"2023-12-13T19:50:33","guid":{"rendered":"http:\/\/tpame-europe.org\/?page_id=20"},"modified":"2023-12-15T16:01:29","modified_gmt":"2023-12-15T15:01:29","slug":"code-penal","status":"publish","type":"page","link":"https:\/\/tpame-europe.org\/index.php\/code-penal\/","title":{"rendered":"Code p\u00e9nal"},"content":{"rendered":"\n<p class=\"has-black-color has-text-color has-link-color wp-elements-861ae1e564fefbd6d1c9ca1a0bceebd8\">Tu es victime ou t\u00e9moin d&rsquo;un acte qui te semble d\u00e9lictueux ? Je te propose de d\u00e9couvrir, \u00e0 travers quelques textes de loi, la fa\u00e7on dont tu peux intervenir aupr\u00e8s des instances judiciaires fran\u00e7aises.<\/p>\n\n\n\n<p class=\"has-black-color has-text-color has-link-color wp-elements-9ac00cf961d1ea846fe5a532228b76c6\"><\/p>\n\n\n\n<h3 class=\"wp-block-heading has-black-color has-text-color has-link-color wp-elements-4679f18a2fdc0df22a53af79235e45e8\"><strong>Le harc\u00e8lement sexuel<\/strong><\/h3>\n\n\n\n<ul class=\"wp-block-list\">\n<li><strong>La loi interdit et punit le harc\u00e8lement sexuel<\/strong>&nbsp;(<em>article 222-33 du Code p\u00e9nal<\/em>). Le harc\u00e8lement sera consid\u00e9r\u00e9 comme plus grave dans certains cas, par exemple en fonction ton \u00e2ge au moment o\u00f9 tu es harcel\u00e9(e) (moins de 15 ans ou 15 ans et plus), mais aussi en fonction de la personne qui te harc\u00e8le. S\u2019il s\u2019agit de quelqu\u2019un qui a autorit\u00e9 sur toi (un parent, un professeur, un tuteur etc.), la sanction sera plus s\u00e9v\u00e8re.<\/li>\n\n\n\n<li>La loi indique que tu as un certain temps pour agir : lorsque tu as \u00e9t\u00e9 victime de harc\u00e8lement sexuel tu as&nbsp;<strong>jusqu\u2019\u00e0 six ans apr\u00e8s le dernier acte d\u2019harc\u00e8lement pour d\u00e9poser plainte<\/strong>.<strong><\/strong><\/li>\n<\/ul>\n\n\n\n<h3 class=\"wp-block-heading has-black-color has-text-color has-link-color wp-elements-8fa33aae103dd4861929066bcebe3f1a\"><strong>Le viol<\/strong><\/h3>\n\n\n\n<p class=\"has-black-color has-text-color has-link-color wp-elements-cb39e2af737cbf15c340e3d16d4a19ae\"><strong>Le viol est interdit et puni par la loi<\/strong>&nbsp;<em>(articles 222-23 et 222-23-1 du Code p\u00e9nal)<\/em>. Si la personne ne t\u2019a pas viol\u00e9 mais qu\u2019elle a&nbsp;<strong>essay\u00e9<\/strong>, elle sera punie de la m\u00eame mani\u00e8re.<\/p>\n\n\n\n<p class=\"has-black-color has-text-color has-link-color wp-elements-c54d6ba3b314e25946c0a0d437c389e9\">Le Parlement a adopt\u00e9 en avril 2021 une nouvelle loi en mati\u00e8re de r\u00e9pression des violences sexuelles commises sur les mineurs par des majeurs.<\/p>\n\n\n\n<ul class=\"wp-block-list\">\n<li>Si le viol que tu as subi a eu lieu avant l\u2019entr\u00e9e en vigueur de la loi (soit avant le 23 avril 2021), le r\u00e9gime applicable reste l\u2019ancien: pour prouver un viol, tu devras prouver qu\u2019il y a eu contrainte, violence, menace ou surprise&nbsp;<em>(article 222-23 du Code p\u00e9nal)<\/em>. La peine encourue est plus forte, par exemple si tu avais moins de 15 ans lorsque tu as \u00e9t\u00e9 viol\u00e9(e), ou si la personne qui t\u2019a viol\u00e9e avait autorit\u00e9 sur toi (parents, membres de la famille, professeurs etc.)&nbsp;<em>(article 222-24 \u00e0 222-26-1 du Code p\u00e9nal)<\/em>.<\/li>\n\n\n\n<li>Si le viol que tu as subi a eu lieu apr\u00e8s l\u2019entr\u00e9e en vigueur de la loi (le 23 avril 2021 ou apr\u00e8s), le r\u00e9gime est un peu diff\u00e9rent.&nbsp;<strong>Si tu avais moins de 15 ans mais que l\u2019auteur majeur avait&nbsp;<u>au moins 5 ans de plus que toi<\/u><\/strong>, tu auras seulement \u00e0 prouver la relation sexuelle et celle-ci sera automatiquement consid\u00e9r\u00e9e comme un viol&nbsp;<em>(article 222-23-1 du Code p\u00e9nal)<\/em>.&nbsp;<strong>Si tu avais plus de 15 ans, ou si tu avais moins de 15 ans mais que l\u2019auteur majeur avait&nbsp;<u>moins de 5 ans de plus que toi,<\/u><\/strong>&nbsp;tu devras prouver que celui-ci a utilis\u00e9 la contrainte, la menace, la surprise ou la violence pour avoir une relation sexuelle avec toi. ATTENTION: si tu avais moins de 15 ans, la condition de l\u2019\u00e9cart d\u2019\u00e2ge de 5 ans ne s\u2019applique pas si la relation sexuelle a eu lieu en \u00e9change d\u2019une r\u00e9mun\u00e9ration ou d\u2019un service.<\/li>\n\n\n\n<li>Si l\u2019auteur \u00e9tait mineur, tu devras dans tous les cas prouver contrainte, menace, surprise ou violence.<\/li>\n<\/ul>\n\n\n\n<p class=\"has-black-color has-text-color has-link-color wp-elements-ff7ad1fa6efc9a8f324e70ad46fb0f83\">Quand tu es victime de viol, tu as un&nbsp;<strong>temps d\u00e9fini pour porter plainte<\/strong><\/p>\n\n\n\n<ul class=\"wp-block-list\">\n<li>Si tu avais moins de 18 ans au moment du viol, tu peux porter plainte&nbsp;<strong>jusqu\u2019\u00e0 tes 48 ans inclus<\/strong>&nbsp;(jusqu\u2019\u00e0 30 ans apr\u00e8s ta majorit\u00e9)&nbsp;<em>(article 7 du Code de proc\u00e9dure p\u00e9nale)<\/em>.&nbsp;<strong>Cependant, il est important pour ta \u00ab gu\u00e9rison \u00bb et ta reconstruction de ne pas attendre la fin de ce d\u00e9lai, et d\u2019en parler et d\u2019agir le plus vite possible.<\/strong><\/li>\n\n\n\n<li>Suite \u00e0 la loi du 21 avril 2021, si tu as subi une violence sexuelle alors que tu \u00e9tais mineur(e), le d\u00e9lai de prescription est prolong\u00e9 si l\u2019auteur majeur commet une nouvelle infraction sexuelle sur un(e) autre mineur(e). C\u2019est ce qu\u2019on appelle le m\u00e9canisme de \u201cprescription glissante\u201d&nbsp;<em>(article 7 du Code de proc\u00e9dure p\u00e9nale)<\/em>.<\/li>\n<\/ul>\n\n\n\n<h3 class=\"wp-block-heading has-black-color has-text-color has-link-color wp-elements-62b58aa76e4f2032d95464b73130c60b\"><strong>Les agressions sexuelles<\/strong><\/h3>\n\n\n\n<p class=\"has-black-color has-text-color has-link-color wp-elements-4fef240616d3b58fe723a7223d16ec67\"><strong>Les agressions sexuelles sont interdites et punies par la loi<\/strong>&nbsp;<em>(article 222-27 du Code p\u00e9nal)<\/em><strong>.&nbsp;<\/strong>M\u00eame si tu n\u2019as pas \u00e9t\u00e9 agress\u00e9(e) en tant que tel,&nbsp;<strong>la simple tentative est interdite et punie<\/strong>&nbsp;de la m\u00eame mani\u00e8re&nbsp;<em>(article 222-31 du Code p\u00e9nal)<\/em>.<\/p>\n\n\n\n<p class=\"has-black-color has-text-color has-link-color wp-elements-c54d6ba3b314e25946c0a0d437c389e9\">Le Parlement a adopt\u00e9 en avril 2021 une nouvelle loi en mati\u00e8re de r\u00e9pression des violences sexuelles commises sur les mineurs par des majeurs.<\/p>\n\n\n\n<ul class=\"wp-block-list\">\n<li>Si l\u2019agression sexuelle que tu as subi a eu lieu avant l\u2019entr\u00e9e en vigueur de la loi (soit avant le 23 avril 2021), le r\u00e9gime applicable reste l\u2019ancien: pour prouver l\u2019agression, tu devras prouver qu\u2019il y a eu contrainte, violence, menace ou surprise. La peine encourue est plus forte, par exemple si tu avais moins de 15 ans lorsque tu as \u00e9t\u00e9 agress\u00e9(e), ou si la personne qui t\u2019a agress\u00e9(e) avait autorit\u00e9 sur toi (parents, membres de la famille, professeurs etc.)&nbsp;<em>(articles 222-28 \u00e0 222-30-2 du Code p\u00e9nal)<\/em>.<\/li>\n\n\n\n<li>Si l\u2019agression que tu as subie a eu lieu apr\u00e8s l\u2019entr\u00e9e en vigueur de la loi (soit \u00e0 partir du 23 avril 2021), le r\u00e9gime est un peu diff\u00e9rent.&nbsp;<strong>Si tu avais moins de 15 ans et que l\u2019auteur majeur avait&nbsp;<u>au moins 5 ans de plus que toi<\/u><\/strong>, tu auras seulement \u00e0 prouver l\u2019attouchement et celui-ci sera automatiquement consid\u00e9r\u00e9e comme une agression&nbsp;<em>(article 222-29-2 du Code p\u00e9nal)<\/em>.&nbsp;<strong>Si tu avais plus de 15 ans, ou si tu avais moins de 15 ans mais que l\u2019auteur majeur avait&nbsp;<u>moins de 5 ans de plus que toi,<\/u><\/strong>&nbsp;tu devras prouver que celui-ci a utilis\u00e9 la contrainte, la menace, la surprise ou la violence. ATTENTION: si tu avais moins de 15 ans, la condition de l\u2019\u00e9cart d\u2019\u00e2ge de 5 ans ne s\u2019applique pas si les faits ont eu lieu en \u00e9change d\u2019une r\u00e9mun\u00e9ration, d\u2019un avantage, ou de la promesse d\u2019une r\u00e9mun\u00e9ration.<\/li>\n\n\n\n<li>Si l\u2019auteur n\u2019\u00e9tait pas majeur, tu devras dans tous les cas prouver contrainte, menace, surprise ou violence.<\/li>\n<\/ul>\n\n\n\n<p class=\"has-black-color has-text-color has-link-color wp-elements-b920246ad0c91643677f07f7e1642310\">Tu as un&nbsp;<strong>temps d\u00e9fini pour pouvoir agir en justice<\/strong>&nbsp;quand tu es victime d\u2019agression sexuelle.<\/p>\n\n\n\n<ul class=\"wp-block-list\">\n<li>Tu as au minimum 10 ans \u00e0 compter de ta majorit\u00e9, soit&nbsp;<strong>jusqu\u2019\u00e0 tes 28 ans<\/strong>, pour porter plainte si tu as \u00e9t\u00e9 agress\u00e9(e) sexuellement lorsque tu \u00e9tais mineur(e). Dans plusieurs cas particuliers, par exemple si tu as moins de quinze ans, ou si tu as subi des blessures graves, tu as jusqu\u2019\u00e0 20 ans \u00e0 compter de ta majorit\u00e9, soit&nbsp;<strong>jusqu\u2019\u00e0 tes 38 ans<\/strong>&nbsp;<em>(article 8 du Code de proc\u00e9dure p\u00e9nale)<\/em><strong>. Cependant, il est important pour ta&nbsp;\u00ab&nbsp;gu\u00e9rison&nbsp;\u00bb et ta reconstruction de ne pas attendre la fin de ce d\u00e9lai et d\u2019agir le plus vite possible.<\/strong><\/li>\n\n\n\n<li>Suite \u00e0 la loi du 21 avril 2021, si tu as \u00e9t\u00e9 agress\u00e9e alors que tu \u00e9tais mineur(e), le d\u00e9lai de prescription est prolong\u00e9 si l\u2019auteur commet une nouvelle infraction sexuelle sur un(e) autre mineur(e).<\/li>\n<\/ul>\n\n\n\n<h3 class=\"wp-block-heading has-black-color has-text-color has-link-color wp-elements-236e5a28d2f42cdd83e18ee4db7448ed\"><strong>L&rsquo;inceste<\/strong><\/h3>\n\n\n\n<p class=\"has-black-color has-text-color has-link-color wp-elements-1238826746b64a70fc912fb5abd6ed98\"><strong>Suite \u00e0 l\u2019adoption de la loi du 21 avril 2021, l\u2019inceste est clairement interdit par la loi. Il faut cependant distinguer deux situations :<\/strong><\/p>\n\n\n\n<ul class=\"wp-block-list\">\n<li>Si une personne de ta famille t\u2019a forc\u00e9 \u00e0 avoir une relation sexuelle, quelle qu\u2019elle soit, et que ces&nbsp;<strong>faits se sont d\u00e9roul\u00e9s avant l\u2019entr\u00e9e en vigueur de la nouvelle loi (soit avant le 23 avril 2021), tu devras d\u2019abord prouver que cette personne a us\u00e9 de la contrainte, de la menace, de la surprise ou de la violence<\/strong>&nbsp;<em>(articles 222-23 et 222-27 du Code p\u00e9nal)<\/em>. Le caract\u00e8re incestueux de la relation (ou de l\u2019acte) sera ensuite consid\u00e9r\u00e9 comme une circonstance aggravante de ce viol ou de cette agression. Les viols et les agressions sexuelles sont qualifi\u00e9s d\u2019incestueux lorsqu\u2019ils sont commis sur la personne d\u2019un(e) mineur(e) par un(e) ascendant(e), un fr\u00e8re, une s\u0153ur, un oncle, une tante, un neveu ou une ni\u00e8ce. Sont \u00e9galement concern\u00e9s le\/la conjoint(e), le\/la concubin(e) d\u2019une des personnes mentionn\u00e9es pr\u00e9c\u00e9demment ou le\/la partenaire li\u00e9(e) par un pacte civil de solidarit\u00e9 avec l\u2019une des personnes mentionn\u00e9es ci-dessus, s\u2019il\/elle a sur le mineur une autorit\u00e9 de droit ou de fait&nbsp;<em>(article 222-22-3 du Code p\u00e9nal)<\/em>. Le viol sera puni de 20 ans de prison et l\u2019agression sexuelle de 7 ans de prison&nbsp;<em>(articles 222-24 et 222-28 du Code p\u00e9nal)<\/em>.<\/li>\n\n\n\n<li>Si une&nbsp;personne majeure de ta famille&nbsp;t\u2019a forc\u00e9 \u00e0 avoir une relation sexuelle, quelle qu\u2019elle soit, alors que&nbsp;tu \u00e9tais mineur(e), et que ces&nbsp;<strong>faits se sont d\u00e9roul\u00e9s apr\u00e8s l\u2019entr\u00e9e en vigueur de la nouvelle loi (soit \u00e0 partir du 23 avril 2021), le r\u00e9gime est diff\u00e9rent. Tu auras seulement \u00e0 prouver l\u2019existence d\u2019une relation (p\u00e9n\u00e9tration, attouchements etc.),&nbsp;perp\u00e9tr\u00e9e par une personne de ta famille qui exerce une autorit\u00e9 de droit ou de fait sur toi<\/strong>&nbsp;<em>(article 222-23-2 du Code p\u00e9nal pour le viol et article 222-29-3 du Code p\u00e9nal pour les agressions sexuelles)<\/em>. Tu n\u2019auras donc pas \u00e0 prouver l\u2019usage de la contrainte, de la menace, de la surprise ou de la violence.<\/li>\n<\/ul>\n\n\n\n<p class=\"has-black-color has-text-color has-link-color wp-elements-bd5ca604e38a12f6771d6bc2f82a8ef5\">Quand tu es victime de viol ou d\u2019agression sexuelle, tu as un&nbsp;<strong>temps d\u00e9fini pour porter plainte<\/strong><\/p>\n\n\n\n<ul class=\"wp-block-list\">\n<li>Si tu avais moins de 18 ans au moment du&nbsp;viol, tu peux porter plainte&nbsp;<strong>jusqu\u2019\u00e0 tes 48 ans inclus<\/strong>&nbsp;(jusqu\u2019\u00e0 30 ans apr\u00e8s ta majorit\u00e9)&nbsp;<em>(article 7 du Code de proc\u00e9dure p\u00e9nale)<\/em>. Si tu as subi une&nbsp;agression sexuelle&nbsp;quand tu \u00e9tais mineur(e), tu peux porter plainte&nbsp;<strong>jusqu\u2019\u00e0 tes 38 ans<\/strong>&nbsp;(20 ans apr\u00e8s ta majorit\u00e9).&nbsp;<strong>Cependant, il est important pour ta \u00ab gu\u00e9rison \u00bb et ta reconstruction de ne pas attendre la fin de ce d\u00e9lai, et d\u2019en parler et d\u2019agir le plus vite possible.<\/strong><\/li>\n\n\n\n<li>Le d\u00e9lai de prescription est prolong\u00e9 si l\u2019auteur majeur commet une nouvelle infraction sexuelle sur un(e) autre mineur(e). C\u2019est ce qu\u2019on appelle le m\u00e9canisme de \u201cprescription glissante\u201d.<\/li>\n<\/ul>\n\n\n\n<h4 class=\"wp-block-heading has-black-color has-text-color has-link-color wp-elements-60fe530535db077997a3602c37e53ea1\"><strong>L\u2019exhibitionnisme, les propositions sexuelles et la corruption de mineur<\/strong><\/h4>\n\n\n\n<ul class=\"wp-block-list\">\n<li>La loi te prot\u00e8ge si tu es t\u00e9moin d\u2019exhibitionnisme. Il y a exhibition sexuelle quand la personne montre ses parties intimes, ou quand la personne commet un acte sexuel, explicite ou simul\u00e9, m\u00eame sans montrer ses parties intimes.&nbsp;<strong>La loi interdit et punit la pratique de l\u2019exhibition sexuelle&nbsp;<\/strong>dans un espace public&nbsp;<em>(article 222-32 du Code p\u00e9nal)<\/em>, mais aussi dans un lieu priv\u00e9 en pr\u00e9sence d\u2019un mineur&nbsp;<em>(article 227-22 du Code p\u00e9nal)<\/em>.<\/li>\n\n\n\n<li><strong>La loi te prot\u00e8ge \u00e9galement si tu es forc\u00e9(e) de t\u2019exhiber<\/strong>. En effet, la loi condamne la personne qui t\u2019a manipul\u00e9, oblig\u00e9 ou incit\u00e9 \u00e0 t\u2019exhiber (<em>article 227-22 du Code p\u00e9nal<\/em>).<\/li>\n\n\n\n<li>Par ailleurs, depuis l\u2019entr\u00e9e en vigueur de la loi du 21 avril 2021,&nbsp;<strong>le Code p\u00e9nal punit le fait pour un(e) majeur(e) de te faire des propositions sexuelles, via un moyen de communication \u00e9lectronique, alors que tu as moins de 15 ans<\/strong>. La peine sera plus forte si cette proposition est suivie d\u2019une rencontre&nbsp;<em>(article 227-22-1 du Code p\u00e9nal)<\/em>.<\/li>\n\n\n\n<li>Enfin, cette m\u00eame loi a introduit&nbsp;<strong>l\u2019interdiction pour une personne majeure de t\u2019inciter, par un moyen de communication \u00e9lectronique, \u00e0 commettre un acte de nature sexuelle, sur toi-m\u00eame, sur quelqu\u2019un d\u2019autre ou avec quelqu\u2019un d\u2019autre<\/strong>. M\u00eame si tu ne l\u2019as pas fait, la personne majeure peut \u00eatre poursuivie par la justice&nbsp;<em>(article 227-22-2 du Code p\u00e9nal)<\/em>.<\/li>\n<\/ul>\n\n\n\n<h3 class=\"wp-block-heading has-black-color has-text-color has-link-color wp-elements-f27d8c80e8f46e488d6f8d159be6789b\"><strong>La d\u00e9tention et la diffusion de contenus p\u00e9dopornographique<\/strong><\/h3>\n\n\n\n<ul class=\"wp-block-list\">\n<li>La loi interdit et punit la diffusion d\u2019une repr\u00e9sentation d\u2019un mineur dans un contexte \u00e0 caract\u00e8re sexuel. M\u00eame si cette repr\u00e9sentation n\u2019a pas encore \u00e9t\u00e9 diffus\u00e9e, son enregistrement ou son partage dans le but de la diffuser sont punis de la m\u00eame peine (<em>article 227-23 du Code p\u00e9nal<\/em>).<\/li>\n\n\n\n<li>Si un mineur \u00e2g\u00e9 de moins de 15 ans est repr\u00e9sent\u00e9 dans un contexte \u00e0 caract\u00e8re sexuel, l\u2019enregistrement ou le partage sont punis, m\u00eame s\u2019ils n\u2019\u00e9taient pas destin\u00e9s \u00e0 \u00eatre diffus\u00e9s.<\/li>\n\n\n\n<li>Si ces contenus sont diffus\u00e9s sur Internet ou qu\u2019ils ont \u00e9t\u00e9 commis en bande, la loi consid\u00e8re que c\u2019est encore plus grave et les peines sont augment\u00e9es.<\/li>\n<\/ul>\n\n\n\n<h3 class=\"wp-block-heading has-black-color has-text-color has-link-color wp-elements-3dc561b91fcfffc1dc84b15ad35337e6\"><strong>Les mutilations g\u00e9nitales<\/strong><\/h3>\n\n\n\n<ul class=\"wp-block-list\">\n<li><strong>La loi interdit et punit les mutilations g\u00e9nitales&nbsp;<\/strong>(<em>article 222-9 du Code p\u00e9nal<\/em>). La sanction sera plus s\u00e9v\u00e8re dans certains cas, par exemple si tu as moins de 15 ans et\/ou si l\u2019auteur de la mutilation a autorit\u00e9 sur toi (<em>article 222-10 du Code p\u00e9nal<\/em>).<\/li>\n\n\n\n<li>M\u00eame si aucune mutilation g\u00e9nitale n\u2019a \u00e9t\u00e9 r\u00e9alis\u00e9e,&nbsp;<strong>la loi punit les personnes qui menacent ou qui essayent de t\u2019y soumettre<\/strong>&nbsp;(<em>article 227-24-1 du Code p\u00e9nal<\/em>).<\/li>\n\n\n\n<li>Quand tu es victime de mutilation g\u00e9nitale, qu\u2019elles soient effectu\u00e9es ou qu\u2019il s\u2019agisse de menaces, tu as un&nbsp;<strong>temps d\u00e9fini pour agir en justice<\/strong>: Si tu avais&nbsp;<strong>moins de 15 ans<\/strong>&nbsp;au moment o\u00f9 tu as subi une mutilation, tu peux d\u00e9poser plainte jusqu\u2019\u00e0 tes 48 ans inclus (jusqu\u2019\u00e0 30 ans apr\u00e8s ta majorit\u00e9). Si tu avais&nbsp;<strong>entre 15 et 18 ans<\/strong>, tu as jusqu\u2019\u00e0 tes 38 ans (jusqu\u2019\u00e0 20 ans apr\u00e8s ta majorit\u00e9) pour porter plainte (<em>article 7 du Code de proc\u00e9dure p\u00e9nale<\/em>). Enfin, si tu n\u2019as pas subi de mutilations mais qu\u2019une personne a essay\u00e9 de t\u2019y soumettre, tu peux d\u00e9poser plainte jusqu\u2019\u00e0 tes 28 ans inclus (jusqu\u2019\u00e0 10 ans apr\u00e8s ta majorit\u00e9) (<em>article 8 du Code de proc\u00e9dure p\u00e9nale<\/em>).&nbsp;<strong>Cependant, il est important pour ta protection et ta reconstruction de ne pas attendre, et d\u2019en parler et d\u2019agir le plus vite possible<\/strong>.<\/li>\n<\/ul>\n\n\n\n<h3 class=\"wp-block-heading has-black-color has-text-color has-link-color wp-elements-49aa91927f6551e19e28afa1a2f2d614\"><strong>J\u2019ai connaissance ou je suis t\u00e9moin de violences sexuelles : le devoir d&rsquo;informer<\/strong><\/h3>\n\n\n\n<ul class=\"wp-block-list\">\n<li>Si tu as connaissance d\u2019une telle situation, tu as le devoir d\u2019agir. En effet, la loi pose une obligation d\u2019alerter les autorit\u00e9s en cas d\u2019agressions ou d\u2019atteintes sexuelles sur un mineur<strong> <\/strong>(<em>article 434-3 du Code p\u00e9nal<\/em>).&nbsp;Tu peux contacter la police ou un juge par exemple.<\/li>\n\n\n\n<li>Tu es toi-m\u00eame prot\u00e9g\u00e9(e) par la loi lorsque tu informes les autorit\u00e9s d\u2019un danger (<em>article 3 de la loi du 27 mai 2008<\/em>),&nbsp;sauf si c\u2019est une fausse d\u00e9claration.<\/li>\n<\/ul>\n\n\n\n<h2 class=\"wp-block-heading has-black-color has-text-color has-link-color wp-elements-438a680eda6f0c64059b41d1dd83448a\"><strong>Je voudrais \u00eatre aid\u00e9(e)<\/strong><\/h2>\n\n\n\n<p class=\"has-black-color has-text-color has-link-color wp-elements-ce2940b3184d33c8ccd199770b3928f3\">Tu peux t\u2019adresser \u00e0 plusieurs personnes qui pourront te venir en aide pour mettre fin aux violences que tu subis, ou aux violences que subit un(e) enfant de ton entourage&nbsp;:<\/p>\n\n\n\n<ul class=\"wp-block-list\">\n<li>A un adulte en qui tu as confiance, par exemple aux parents d\u2019un ami, \u00e0 un membre de la famille, un professeur, un m\u00e9decin, l\u2019infirmier(\u00e8re) scolaire, la police etc.<\/li>\n\n\n\n<li>Aux autorit\u00e9s\n<ul class=\"wp-block-list\">\n<li>La police, la gendarmerie&nbsp;;<\/li>\n\n\n\n<li>La justice, notamment si tu es menac\u00e9e de mutilations sexuelles, tu peux \u00e9crire au juge des enfants ou au juge des affaires familiales pour lui demander de prendre toutes les mesures pour emp\u00eacher ou faire arr\u00eater une mutilation. Tu peux trouver le juge le plus proche de chez toi <a href=\"http:\/\/www.annuaires.justice.gouv.fr\/annuaires-12162\/annuaire-des-tribunaux-judiciaires-21768.htm\" target=\"_blank\" rel=\"noreferrer noopener\">http:\/\/www.annuaires.justice.gouv.fr\/annuaires-12162\/annuaire-des-tribunaux-judiciaires-21768.html<\/a> <\/li>\n<\/ul>\n<\/li>\n\n\n\n<li>Notre association <strong>Touche pas \u00e0 mon enfant &#8211; Europe<\/strong> en nous \u00e9crivant directement depuis notre site internet.<\/li>\n<\/ul>\n\n\n\n<div style=\"height:100px\" aria-hidden=\"true\" class=\"wp-block-spacer\"><\/div>\n\n\n<div class=\"wp-block-image\">\n<figure data-wp-context=\"{&quot;imageId&quot;:&quot;69f0cadd1ccbc&quot;}\" data-wp-interactive=\"core\/image\" data-wp-key=\"69f0cadd1ccbc\" class=\"aligncenter size-full wp-lightbox-container\"><img loading=\"lazy\" decoding=\"async\" width=\"150\" height=\"150\" data-wp-class--hide=\"state.isContentHidden\" data-wp-class--show=\"state.isContentVisible\" data-wp-init=\"callbacks.setButtonStyles\" data-wp-on--click=\"actions.showLightbox\" data-wp-on--load=\"callbacks.setButtonStyles\" data-wp-on-window--resize=\"callbacks.setButtonStyles\" src=\"https:\/\/tpame-europe.org\/wp-content\/uploads\/2023\/12\/cropped-TPAME-Europe.jpg\" alt=\"\" class=\"wp-image-12\" srcset=\"https:\/\/tpame-europe.org\/wp-content\/uploads\/2023\/12\/cropped-TPAME-Europe.jpg 150w, https:\/\/tpame-europe.org\/wp-content\/uploads\/2023\/12\/cropped-TPAME-Europe-60x60.jpg 60w\" sizes=\"auto, (max-width: 150px) 100vw, 150px\" \/><button\n\t\t\tclass=\"lightbox-trigger\"\n\t\t\ttype=\"button\"\n\t\t\taria-haspopup=\"dialog\"\n\t\t\taria-label=\"Agrandir\"\n\t\t\tdata-wp-init=\"callbacks.initTriggerButton\"\n\t\t\tdata-wp-on--click=\"actions.showLightbox\"\n\t\t\tdata-wp-style--right=\"state.imageButtonRight\"\n\t\t\tdata-wp-style--top=\"state.imageButtonTop\"\n\t\t>\n\t\t\t<svg xmlns=\"http:\/\/www.w3.org\/2000\/svg\" width=\"12\" height=\"12\" fill=\"none\" viewBox=\"0 0 12 12\">\n\t\t\t\t<path fill=\"#fff\" d=\"M2 0a2 2 0 0 0-2 2v2h1.5V2a.5.5 0 0 1 .5-.5h2V0H2Zm2 10.5H2a.5.5 0 0 1-.5-.5V8H0v2a2 2 0 0 0 2 2h2v-1.5ZM8 12v-1.5h2a.5.5 0 0 0 .5-.5V8H12v2a2 2 0 0 1-2 2H8Zm2-12a2 2 0 0 1 2 2v2h-1.5V2a.5.5 0 0 0-.5-.5H8V0h2Z\" \/>\n\t\t\t<\/svg>\n\t\t<\/button><\/figure>\n<\/div>","protected":false},"excerpt":{"rendered":"<p>Tu es victime ou t\u00e9moin d&rsquo;un acte qui te semble d\u00e9lictueux ? Je te propose de d\u00e9couvrir, \u00e0 travers quelques textes de loi, la fa\u00e7on dont tu peux intervenir aupr\u00e8s des instances judiciaires fran\u00e7aises. Le harc\u00e8lement sexuel Le viol Le viol est interdit et puni par la loi&nbsp;(articles 222-23 et 222-23-1 du Code p\u00e9nal). Si&hellip;&nbsp;<\/p>\n","protected":false},"author":1,"featured_media":0,"parent":0,"menu_order":0,"comment_status":"closed","ping_status":"closed","template":"","meta":{"neve_meta_sidebar":"","neve_meta_container":"","neve_meta_enable_content_width":"","neve_meta_content_width":0,"neve_meta_title_alignment":"","neve_meta_author_avatar":"","neve_post_elements_order":"","neve_meta_disable_header":"","neve_meta_disable_footer":"","neve_meta_disable_title":"","footnotes":""},"class_list":["post-20","page","type-page","status-publish","hentry"],"_links":{"self":[{"href":"https:\/\/tpame-europe.org\/index.php\/wp-json\/wp\/v2\/pages\/20","targetHints":{"allow":["GET"]}}],"collection":[{"href":"https:\/\/tpame-europe.org\/index.php\/wp-json\/wp\/v2\/pages"}],"about":[{"href":"https:\/\/tpame-europe.org\/index.php\/wp-json\/wp\/v2\/types\/page"}],"author":[{"embeddable":true,"href":"https:\/\/tpame-europe.org\/index.php\/wp-json\/wp\/v2\/users\/1"}],"replies":[{"embeddable":true,"href":"https:\/\/tpame-europe.org\/index.php\/wp-json\/wp\/v2\/comments?post=20"}],"version-history":[{"count":6,"href":"https:\/\/tpame-europe.org\/index.php\/wp-json\/wp\/v2\/pages\/20\/revisions"}],"predecessor-version":[{"id":96,"href":"https:\/\/tpame-europe.org\/index.php\/wp-json\/wp\/v2\/pages\/20\/revisions\/96"}],"wp:attachment":[{"href":"https:\/\/tpame-europe.org\/index.php\/wp-json\/wp\/v2\/media?parent=20"}],"curies":[{"name":"wp","href":"https:\/\/api.w.org\/{rel}","templated":true}]}}